llions digit of 22748974?
2
What is the hundred millions digit of 594356906?
5
What is the hundred thousands digit of 36950393?
9
What is the billions digit of 1911062779?
1
What is the ten millions digit of 202412097?
0
What is the hundreds digit of 193583519?
5
What is the tens digit of 158703549?
4
What is the ten thousands digit of 289718130?
1
What is the millions digit of 770187931?
0
What is the hundred thousands digit of 2467578?
4
What is the ten millions digit of 2131235184?
3
What is the hundred thousands digit of 970019344?
0
What is the tens digit of 1557238142?
4
What is the hundred millions digit of 916808325?
9
What is the hundreds digit of 2761909694?
6
What is the thousands digit of 53085549?
5
What is the tens digit of 43603311?
1
What is the millions digit of 376893238?
6
What is the ten millions digit of 755563255?
5
What is the hundred millions digit of 1365216185?
3
What is the hundred thousands digit of 42964613?
9
What is the hundred thousands digit of 17740906?
7
What is the hundred millions digit of 811554594?
8
What is the hundreds digit of 416815174?
1
What is the ten millions digit of 429292199?
2
What is the thousands digit of 21513961?
3
What is the millions digit of 52190886?
2
What is the millions digit of 208468681?
8
What is the ten thousands digit of 556060128?
6
What is the hundreds digit of 1002919295?
2
What is the tens digit of 108970083?
8
What is the millions digit of 80867131?
0
What is the hundreds digit of 421883070?
0
What is the hundred thousands digit of 32170995?
1
What is the millions digit of 294921191?
4
What is the hundreds digit of 421301355?
3
What is the ten millions digit of 898656099?
9
What is the tens digit of 38072773?
7
What is the units digit of 30171452?
2
What is the millions digit of 41436958?
1
What is the thousands digit of 23745975?
5
What is the hundred millions digit of 1350843583?
3
What is the units digit of 18665717?
7
What is the hundred thousands digit of 151675156?
6
What is the hundreds digit of 67552884?
8
What is the hundreds digit of 1058001958?
9
What is the millions digit of 3216949589?
6
What is the hundreds digit of 4770216462?
4
What is the thousands digit of 7663778?
3
What is the tens digit of 50885708?
0
What is the thousands digit of 332396364?
6
What is the hundred millions digit of 870977480?
8
What is the hundreds digit of 9649555?
5
What is the billions digit of 3171257963?
3
What is the ten thousands digit of 104732912?
3
What is the ten millions digit of 17838747?
1
What is the tens digit of 303623439?
3
What is the ten millions digit of 353394775?
5
What is the millions digit of 717322769?
7
What is the hundred millions digit of 1327015357?
3
What is the hundred millions digit of 528298467?
5
What is the hundreds digit of 7089320?
3
What is the ten thousands digit of 1587099625?
9
What is the tens digit of 1212228639?
3
What is the hundred millions digit of 328369172?
3
What is the thousands digit of 49187969?
7
What is the tens digit of 173766128?
2
What is the thousands digit of 2555026097?
6
What is the hundred thousands digit of 143103342?
1
What is the hundred millions digit of 103980982?
1
What is the hundreds digit of 543913483?
4
What is the ten millions digit of 1670721461?
7
What is the units digit of 82051122?
2
What is the hundreds digit of 40774734?
7
What is the tens digit of 71231027?
2
What is the tens digit of 287402150?
5
What is the hundred millions digit of 3179847005?
1
What is the millions digit of 8690485?
8
What is the hundreds digit of 56554500?
5
What is the ten thousands digit of 65654211?
5
What is the hundreds digit of 343013916?
9
What is the millions digit of 152010387?
2
What is the ten millions digit of 202246998?
0
What is the hundred thousands digit of 104257300?
2
What is the hundreds digit of 2994285502?
5
What is the thousands digit of 215188664?
8
What is the hundred millions digit of 201447687?
2
What is the hundreds digit of 441240829?
8
What is the tens digit of 48515652?
5
What is the thousands digit of 71908542?
8
What is the thousands digit of 485869195?
9
What is the hundred thousands digit of 37553347?
5
What is the millions digit of 39580286?
9
What is the millions digit of 37175252?
7
What is the tens digit of 861959321?
2
What is the ten millions digit of 128458027?
2
What is the units digit of 1172733730?
0
What is the hundred millions digit of 281407080?
2
What is the tens digit of 2349535943?
4
What is the ten thousands digit of 443388377?
8
What is the hundred thousands digit of 76358987?
3
What is the ten millions digit of 2326696103?
2
What is the thousands digit of 141500358?
0
What is the millions digit of 380770602?
0
What is the ten millions digit of 683499379?
8
What is the thousands digit of 133828600?
8
What is the ten millions digit of 73743721?
7
What is the thousands digit of 132691248?
1
What is the tens digit of 426632229?
2
What is the ten thousands digit of 82453720?
5
What is the units digit of 177491491?
1
What is the thousands digit of 8170405?
0
What is the hundred millions digit of 837219255?
8
What is the ten millions digit of 605005448?
0
What is the tens digit of 518739442?
4
What is the hundreds digit of 54482529?
5
What is the units digit of 1923548121?
1
What is the units digit of 197740563?
3
What is the millions digit of 89434140?
9
What is the ten millions digit of 663464935?
6
What is the millions digit of 213243465?
3
What is the tens digit of 504896?
9
What is the hundred thousands digit of 4910732?
9
What is the hundred thousands digit of 23059321?
0
What is the tens digit of 97165701?
0
What is the hundred thousands digit of 912847966?
8
What is the hundred thousands digit of 5735676?
7
What is the units digit of 770659701?
1
What is the hundreds digit of 824099355?
3
What is the tens digit of 2289517924?
2
What is the hundred millions digit of 117039939?
1
What is the thousands digit of 2207333084?
3
What is the millions digit of 123366567?
3
What is the millions digit of 2687749842?
7
What is the thousands digit of 604045669?
5
What is the hundred thousands digit of 10480079?
4
What is the hundreds digit of 751664114?
1
What is the tens digit of 5220085832?
3
What is the millions digit of 679105925?
9
What is the tens digit of 88365565?
6
What is the hundreds digit of 187889720?
7
What is the tens digit of 43430552?
5
What is the hundred thousands digit of 5652630?
6
What is the hundred thousands digit of 73870708?
8
What is the hundred thousands digit of 52161025?
1
What is the hundreds digit of 368117012?
0
What is the hundreds digit of 28069312?
3
What is the units digit of 3181569?
9
What is the millions digit of 45547694?
5
What is the ten thousands digit of 4445893368?
9
What is the hundred thousands digit of 700711265?
7
What is the units digit of 61720856?
6
What is the thousands digit of 2958691015?
1
What is the hundred thousands digit of 71579557?
5
What is the tens digit of 100355252?
5
What is the hundred thousands digit of 97477926?
4
What is the millions digit of 389084829?
9
What is the ten thousands digit of 845672523?
7
What is the millions digit of 1549297553?
9
What is the hundred thousands digit of 801991109?
9
What is the millions digit of 31065115?
1
What is the units digit of 60157217?
7
What is the ten millions digit of 3655279925?
5
What is the hundreds digit of 462134580?
5
What is the hundreds digit of 113253784?
7
What is the thousands digit of 306555429?
5
What is the hundred thousands digit of 185745427?
7
What is the thousands digit of 953632075?
2
What is the hundred thousands digit of 2140718474?
7
What is the hundred thousands digit of 654963384?
9
What is the millions digit of 712507885?
2
What is the hundred thousands digit of 72230912?
2
What is the hundred thousands digit of 342667289?
6
What is the millions digit of 282383027?
2
What is the thousands digit of 62233334?
3
What is the hundred millions digit of 218083883?
2
What is the billions digit of 1121315784?
1
What is the units digit of 3789185404?
4
What is the tens digit of 150071215?
1
What is the ten thousands digit of 120970958?
7
What is the thousands digit of 50794461?
4
What is the billions digit of 5802795812?
5
What is the hundreds digit of 108448217